{"id":45,"date":"2013-11-23T13:00:44","date_gmt":"2013-11-23T12:00:44","guid":{"rendered":"http:\/\/www.olsvikskolekorps.no\/?page_id=45"},"modified":"2019-08-23T23:15:39","modified_gmt":"2019-08-23T21:15:39","slug":"prsmoter-og-vedtekter","status":"publish","type":"page","link":"https:\/\/www.olsvikskolekorps.no\/?page_id=45","title":{"rendered":"\u00c5rsm\u00f8ter og vedtekter"},"content":{"rendered":"<p>\u00c5rsm\u00f8tet er korpsets h\u00f8yeste myndighet. P\u00e5 \u00e5rsm\u00f8tet velges korpsets styre. \u00c5rsm\u00f8tet fastsetter ogs\u00e5 kontingentsatsene. \u00c5rsm\u00f8tet er \u00e5pent for alle medlemmer og foresatte. Ordin\u00e6rt \u00e5rsm\u00f8tet avholdes i l\u00f8pet av mars m\u00e5ned hvert \u00e5r.<\/p>\n<p>Styret er underlagt \u00e5rsm\u00f8tet og har som oppgave \u00e5 forest\u00e5 korpsets drift. Styreleder og styremedlemmer skal velges p\u00e5 \u00e5rsm\u00f8tet. Styreleder velges for ett \u00e5r, \u00f8vrige styremedlemmer for to \u00e5r. Styret konstituerer seg selv p\u00e5 f\u00f8rste m\u00f8te etter \u00e5rsm\u00f8tet.<\/p>\n<p>Her\u00a0kan du lese <a title=\"Vedtekter for Olsvik skolekorps\" href=\"https:\/\/www.dropbox.com\/s\/8c8dam6emije6a8\/vedtekter.pdf\" target=\"_blank\" rel=\"noopener noreferrer\">korpsets vedtekter<\/a> for alle detaljer om korpsets drift &#8211; sist oppdatert etter \u00e5rsm\u00f8tet 13.\u00a0mars\u00a02013.<\/p>\n<p>NMF har ogs\u00e5 utarbeidet en <a title=\"Beredskapsplan for musikkorps\" href=\"http:\/\/www.olsvikskolekorps.no\/dokumenter\/beredskapsplan.pdf\" target=\"_blank\" rel=\"noopener noreferrer\">beredskapsplan<\/a> som Olsvik skolekorps f\u00f8lger.<\/p>\n<h3><\/h3>\n<hr \/>\n","protected":false},"excerpt":{"rendered":"<p>\u00c5rsm\u00f8tet er korpsets h\u00f8yeste myndighet. P\u00e5 \u00e5rsm\u00f8tet velges korpsets styre. \u00c5rsm\u00f8tet fastsetter ogs\u00e5 kontingentsatsene. \u00c5rsm\u00f8tet er \u00e5pent for alle medlemmer og foresatte. Ordin\u00e6rt \u00e5rsm\u00f8tet avholdes i l\u00f8pet av mars m\u00e5ned hvert \u00e5r. Styret er underlagt \u00e5rsm\u00f8tet og har som oppgave \u00e5 forest\u00e5 korpsets drift. Styreleder og styremedlemmer skal velges p\u00e5 \u00e5rsm\u00f8tet. Styreleder velges for ett [&hellip;]<\/p>\n","protected":false},"author":1,"featured_media":0,"parent":33,"menu_order":0,"comment_status":"closed","ping_status":"closed","template":"","meta":[],"_links":{"self":[{"href":"https:\/\/www.olsvikskolekorps.no\/index.php?rest_route=\/wp\/v2\/pages\/45"}],"collection":[{"href":"https:\/\/www.olsvikskolekorps.no\/index.php?rest_route=\/wp\/v2\/pages"}],"about":[{"href":"https:\/\/www.olsvikskolekorps.no\/index.php?rest_route=\/wp\/v2\/types\/page"}],"author":[{"embeddable":true,"href":"https:\/\/www.olsvikskolekorps.no\/index.php?rest_route=\/wp\/v2\/users\/1"}],"replies":[{"embeddable":true,"href":"https:\/\/www.olsvikskolekorps.no\/index.php?rest_route=%2Fwp%2Fv2%2Fcomments&post=45"}],"version-history":[{"count":5,"href":"https:\/\/www.olsvikskolekorps.no\/index.php?rest_route=\/wp\/v2\/pages\/45\/revisions"}],"predecessor-version":[{"id":515,"href":"https:\/\/www.olsvikskolekorps.no\/index.php?rest_route=\/wp\/v2\/pages\/45\/revisions\/515"}],"up":[{"embeddable":true,"href":"https:\/\/www.olsvikskolekorps.no\/index.php?rest_route=\/wp\/v2\/pages\/33"}],"wp:attachment":[{"href":"https:\/\/www.olsvikskolekorps.no\/index.php?rest_route=%2Fwp%2Fv2%2Fmedia&parent=45"}],"curies":[{"name":"wp","href":"https:\/\/api.w.org\/{rel}","templated":true}]}}