{"id":42,"date":"2013-11-23T13:00:06","date_gmt":"2013-11-23T12:00:06","guid":{"rendered":"http:\/\/www.olsvikskolekorps.no\/?page_id=42"},"modified":"2024-09-20T10:05:21","modified_gmt":"2024-09-20T08:05:21","slug":"historie-og-meritter","status":"publish","type":"page","link":"https:\/\/www.olsvikskolekorps.no\/?page_id=42","title":{"rendered":"Historie og meritter"},"content":{"rendered":"<h3><strong>Korpset ble stiftet<\/strong><\/h3>\n<p>Korpset ble stiftet <strong>27.10.1981<\/strong> med navn Olsvik Skolekorps. Det f\u00f8rste styret bestod av: Gunnar Iversen, Laila Hellesund, Jostein Eliassen, Eirin Fl\u00e5m, S\u00f8nneve Thue og Harald Thue. Korpsets egentlige stifter var rektor Hildur Bj\u00f8rndal ved Olsvik skole.\u00a0 Det var hun som var den som \u00f8nsket seg et skolekorps p\u00e5 skolen og som kalte inn til det f\u00f8rste m\u00f8tet for \u00e5 starte korpset.\u00a0 Siden var hun en ivrig bidragsyter sammen med sin mor til alle korpsets basarer og andre arrangement.\u00a0 Dessverre d\u00f8de hun noen \u00e5r etter at korpset var stiftet, og et av korpsets f\u00f8rste spilleoppdrag var \u00e5 spille i hennes begravelse i S\u00e6vareid.<\/p>\n<hr \/>\n<h3><strong>Turer og begivenheter<\/strong><\/h3>\n<ul>\n<li><strong>1982<\/strong>: I april m\u00e5ned ble instrumentene utdelt.<\/li>\n<li><strong>1983<\/strong>: F\u00f8rste stevne &#8211; Laksev\u00e5gstevnet p\u00e5 Damsg\u00e5rd skole.<\/li>\n<li><strong>1983<\/strong>: F\u00f8rste tur &#8211; Hordastevnet p\u00e5 Husnes.<\/li>\n<li><strong>1983<\/strong>: F\u00f8rste deltakelse p\u00e5 Julematin\u00e9en p\u00e5 Laksev\u00e5g gymnas.<\/li>\n<li><strong>1985<\/strong>: Tur til Danmark.<\/li>\n<li><strong>1987<\/strong>: Tur til Danmark og Tyskland.<\/li>\n<li><strong>1988<\/strong>: Deltakelse i Rogaland Musikkforbunds jubileumsstevne for skolekorps (Sandnes).<\/li>\n<li><strong>1989<\/strong>: Oppstart av prosjektet \u00abBest i vest\u00bb som var et jevnlig konsert- og \u00f8vingssamarbeid mellom skolekorpsene i Bergen vest (Olsvik skolekorps, Alv\u00f8en skolekorps, Mathopen skoles musikkorps og Vadmyra skolekorps).<\/li>\n<li><strong>1989<\/strong>: Tur til England (Scarborough).<\/li>\n<li><strong>1993<\/strong>: Vant Griegkonkurranse under jubileet i 1993 (Griegmarkering p\u00e5 Vestkanten).<\/li>\n<li><strong>1995<\/strong>: Tur til Sandnes Korpsfestival.<\/li>\n<li><strong>1996<\/strong>: Tur til England (Scarborough).<\/li>\n<li><strong>2001<\/strong>: Tur til Mandal Skolekorpsfestival.<\/li>\n<li><strong>2002<\/strong>: Fra mars 2002 startet vi opp prosjektsamarbeid med Musikklaget Fjellklang. Korpsene fungerer hver for seg, men samarbeider i forbindelse med konkurranser og konserter.<\/li>\n<li><strong>2002<\/strong>: Felleskorpset Olsvik og Fjellklang fikk 1. plass i 3.divisjon janitsjar p\u00e5 \u00abSotrafestivalen\u00bb.<\/li>\n<li><strong>2002<\/strong>: Korpsets f\u00f8rste hjemmesider kommer p\u00e5 luften i romjulen 2002.<\/li>\n<li><strong>2005<\/strong>: Tur til Oslo med deltagelse i NM for skolekorps og 2005-festivalen sammen med Fjellklang.<\/li>\n<li><strong>2005<\/strong>: Vi starter i august opp med ukentlig samspill for b\u00e5de aspirantkorps og juniorkorps. Anette Gr\u00f8n ansettes og f\u00e5r ansvaret med \u00e5 sette dette i gang.<\/li>\n<li><strong>2006<\/strong>: Tur til Sandefjord med deltagelse i NM for skolekorps sammen med Fjellklang.<\/li>\n<li><strong>2006<\/strong>: Korpset f\u00e5r eget domenenavn &#8211; <a href=\"http:\/\/www.olsvikskolekorps.no\">www.olsvikskolekorps.no<\/a>.<\/li>\n<li><strong>2006<\/strong>: 25-\u00e5rs jubileum markeres med konsert i kultursalen p\u00e5 Vannkanten, sammen med Fjellklang og Jan Eggum. Dette er ogs\u00e5 starten p\u00e5 en ny tradisjon med \u00e5rlige konserter p\u00e5 Vannkanten i bydelens kulturuke.<\/li>\n<li><strong>2007<\/strong>: Tur via NM i Sandefjord til Sverige og G\u00f6teborg Music Festival. Sammen med Fjellklang.<\/li>\n<li><strong>2009:<\/strong> Olsvik skolekorps og Musikklaget Fjellklang kom p\u00e5 1. plass i 3. divisjon janitsjar i \u00abHordabl\u00e6sten 2009\u00bb<\/li>\n<li><strong>2009:<\/strong>Tur til Sandefjord med deltagelse i NM for skolekorps sammen med Fjellklang.<\/li>\n<li><strong>2009<\/strong>: Oppstart av prosjektsamarbeid \u00abVestawind\u00bb som var et samarbeid mellom Olsvik skolekorps, Musikklaget Fjellklang, Alv\u00f8en skolekorps og Mathopen Skoles Musikkorps. Vestawind deltar p\u00e5 Sotrafestivalen 2009 (november)\u00a0og Hordabl\u00e6sten 2010 (mars).<\/li>\n<li><strong>2011<\/strong>: Vestawind-samarbeidet tas opp igjen med tanke p\u00e5\u00a0Hordabl\u00e6sten og i NM 2011.<\/li>\n<li><strong>2011<\/strong>: Korpstur til Larvik og NM for skolekorps sammen med Vestawind.<\/li>\n<li><strong>2011<\/strong>: Mathopen trekker seg ut av Vestawind-samarbeidet for en periode, og prosjektsamarbeidet fortsetter med Olsvik, Alv\u00f8en of Fjellklang.<\/li>\n<li><strong>2012<\/strong>: Korpstur til\u00a0G\u00f8teborg Music Festival\u00a0sammen med Vestawind.<\/li>\n<li><strong>2012<\/strong>: Fra august \u00f8ver Alv\u00f8en skolekorps sine musikanter i hovedkorpset\u00a0fast sammen med Olsvik sitt hovedkorps p\u00e5 Olsvik skole.<\/li>\n<li><strong>2014:<\/strong> Korpstur til Trondheim og Landsfestivalen og NM for skolekorps sammen med Musikklaget Fjellklang. Vi kaller fortsett samarbeidskorpset for Vestawind. Korpset kommer p\u00e5 4. plass i NM, 3. divisjon.<\/li>\n<li><strong>2015:<\/strong> Alv\u00f8en skolekorps sine tre siste musikanter i hovedkorpset bytter korps, og\u00a0blir tatt opp som medlemmer\u00a0i Olsvik skolekorps. (Alv\u00f8en har en bra aspirant- og juniorgruppe, og bygger opp nytt korps med disse.)<\/li>\n<li><strong>2015:<\/strong> Korpstur til NM for skolekorps i Larvik sammen med Musikklaget Fjellklang. Vestawind kommer p\u00e5 3. plass i 3. divisjon. H\u00f8stkonsert i kultursalen. Gjester: Professor Harmonika og Alv\u00f8en skolekorps.<\/li>\n<li><strong>2016:<\/strong> NM i Larvik og Danmarkstur med Vestawind<\/li>\n<li><strong>2017: <\/strong>Juniorkorpset deltok p\u00e5 V\u00e5rspretten. De var ogs\u00e5 p\u00e5 sommertur med Fjellklang sine aspiranter og juniorer. NM i Larvik<\/li>\n<li><strong>2018:<\/strong> Juniorkorpset og aspirantene deltok p\u00e5 V\u00e5rspretten. Landsfestival og NM i Bergen . Vestawind deltok i NM. Aspiranter og Juniorer p\u00e5 Landsfestivalens seminar som holdt konsert p\u00e5 Torgallmenningen. Spilling ved julelystenning p\u00e5 Olsvik skole (FAU sitt arrangement)<\/li>\n<li><strong>2019:<\/strong> Tur til Italia og festival ved Gardasj\u00f8en med Vestawind. Oppstart av prosjekt SPILLEGLEDE 2019. Solist og ensemble deltar p\u00e5 Fanafestivalen. Vestawind f\u00e5r 1.plass p\u00e5 Fanafestivalen.<\/li>\n<li><strong>2021:<\/strong> Olsvik skolekorps 40 \u00e5r! Jubileumskonsert med Musikklaget Fjellklang og Mathopen skoles musikkorps i Fana Kultursal. NM med Vestawind: 1.plass i 3.div!<\/li>\n<li><strong>2022: <\/strong>Vossabl\u00e5s for aspiranter og juniorer. Spania-tur med Vestawind. Fanafestival og h\u00f8stkonsert<\/li>\n<\/ul>\n<hr \/>\n<h3><strong>Styreledere<\/strong><\/h3>\n<ul>\n<li><strong>1981-1983<\/strong>\u00a0 Harald Thue<\/li>\n<li><strong>1983-1985<\/strong>\u00a0 K\u00e5re Ag. Fl\u00e5m<\/li>\n<li><strong>1985-1986<\/strong>\u00a0 Jostein Eliassen<\/li>\n<li><strong>1986-1987<\/strong>\u00a0 K\u00e5re Ag. Fl\u00e5m<\/li>\n<li><strong>1987-1989<\/strong>\u00a0 Jostein Berge<\/li>\n<li><strong>1989-1991<\/strong>\u00a0 Gunnar Johannesen<\/li>\n<li><strong>1991-1992<\/strong>\u00a0 Jorunn Epland<\/li>\n<li><strong>1992-1993<\/strong>\u00a0 Gunnar Waardal<\/li>\n<li><strong>1993-1996<\/strong>\u00a0 Jorunn Epland<\/li>\n<li><strong>1996-2001<\/strong>\u00a0 Svein Zahl<\/li>\n<li><strong>2001-2011<\/strong>\u00a0 Arve van der Meeren<\/li>\n<li><strong>2011-2018<\/strong>\u00a0 Helge<\/li>\n<li><strong>2018-2020\u00a0 <\/strong>Kristin<\/li>\n<li><strong>2020-2021\u00a0 <\/strong>Bente<\/li>\n<li><strong>2021-2022\u00a0<\/strong> Christine<\/li>\n<li>2022- 20xx\u00a0 Sverre<\/li>\n<\/ul>\n<hr \/>\n<h3><strong>Dirigenter<\/strong><\/h3>\n<p>HOVEDKORPSET:<\/p>\n<ul>\n<li><strong>1981-1985<\/strong>: Odd Petter Saltnes<\/li>\n<li><strong>1985-1990<\/strong>: Helge Mj\u00f8s<\/li>\n<li><strong>1990-2004<\/strong>: Ketil Tveito<\/li>\n<li><strong>2004-2018<\/strong>: Bj\u00f8rn Andersen<\/li>\n<li><strong>2018- 2021<\/strong>: Kariann<\/li>\n<li><strong>2021- 20xx<\/strong>: K\u00e5re<\/li>\n<\/ul>\n<p>JUNIOR- OG ASPIRANTKORPSET:<\/p>\n<ul>\n<li><strong>2005-2014<\/strong>: A. Gr\u00f8n<\/li>\n<li><strong>2014-2015<\/strong>: T.E. Hellesen<\/li>\n<li>2015-2016: Henrik\/ \u00d8ivind<\/li>\n<li>2016- 2017: Agnes<\/li>\n<li>2017- 2021: Kariann\/ Sven H<\/li>\n<li>2021- 20xx: Silje\/ Christer<\/li>\n<\/ul>\n<hr \/>\n<h3><strong>\u00c6resmedlemmer<\/strong><\/h3>\n<p><strong>Hildur Bj\u00f8rndal<\/strong> ble <strong>sammen med sin mor<\/strong> korpsets f\u00f8rste \u00e6resmedlemmer. Hildur var den f\u00f8rste rektor ved Olsvik Skole, og den som tok initiativet til \u00e5 f\u00e5 stiftet korpset. Det var hun som \u00f8nsket seg et skolekorps p\u00e5 skolen og som kalte inn til det f\u00f8rste m\u00f8tet for \u00e5 starte korpset.\u00a0 Siden var hun en ivrig bidragsyter sammen med sin mor til alle korpsets basarer og andre arrangement.\u00a0 Dessverre d\u00f8de hun noen \u00e5r etter at korpset var stiftet, og et av korpsets f\u00f8rste spilleoppdrag var \u00e5 spille i hennes begravelse i S\u00e6vareid. Hildurs mor bidro i mange \u00e5r med gaver til v\u00e5re basarer etter dette.<\/p>\n<p><strong>Harald Thue<\/strong> var med og stiftet korpset, og ble korpsets f\u00f8rste styreleder. Skolekorpset var hans hjertebarn i en 10-\u00e5rs periode. Det var ikke mange \u00f8velser, turer eller arrangement i den perioden\u00a0 Harald og K\u00e5re ikke deltok p\u00e5.<\/p>\n<p><strong>K\u00e5re Fl\u00e5m<\/strong> ble styreleder i 1983, og var aktiv i styret til 1987. Sammen med Harald Thue var K\u00e5re med p\u00e5 det aller meste som skjedde i korpset de f\u00f8rste ti \u00e5rene, b\u00e5de \u00f8velser og arrangement.<\/p>\n<p><strong>Jorunn Epland<\/strong> ble utnevnt til \u00e6resmedlem i desember 1998 etter ti \u00e5rs lang innsats i korpsets styre. Fire av disse \u00e5rene var hun styreleder. Ogs\u00e5 Jorunn var med p\u00e5 det meste som skjedde i korpset i denne perioden.<\/p>\n<p><strong>Svein Zahl<\/strong> ble utnevnt til \u00e6resmedlem juni 2005 etter ti \u00e5rs lang innsats i korpsets styre, derav 5 \u00e5r som styreleder. Svein var med p\u00e5 alt, inklusiv s\u00e5 godt som alle \u00f8velser i denne perioden.<\/p>\n<p><strong>Arve van der Meeren<\/strong>\u00a0ble utnevnt til \u00e6resmedlem i\u00a0juni\u00a02015 etter\u00a018 \u00e5rs lang innsats i korpsets styre.\u00a010 av disse \u00e5rene var han styreleder. Arve var med p\u00e5\u00a0alt som skjedde i korpset i denne perioden.<\/p>\n<hr \/>\n<h3><\/h3>\n<hr \/>\n<p>Hvis noen har historisk informasjon om korpset som ikke er med her, eller korrigeringer til det som st\u00e5r her, vennligst send en e-post til styret slik at nyttig informasjon kan publiseres.<\/p>\n","protected":false},"excerpt":{"rendered":"<p>Korpset ble stiftet Korpset ble stiftet 27.10.1981 med navn Olsvik Skolekorps. Det f\u00f8rste styret bestod av: Gunnar Iversen, Laila Hellesund, Jostein Eliassen, Eirin Fl\u00e5m, S\u00f8nneve Thue og Harald Thue. Korpsets egentlige stifter var rektor Hildur Bj\u00f8rndal ved Olsvik skole.\u00a0 Det var hun som var den som \u00f8nsket seg et skolekorps p\u00e5 skolen og som kalte [&hellip;]<\/p>\n","protected":false},"author":1,"featured_media":0,"parent":33,"menu_order":0,"comment_status":"closed","ping_status":"closed","template":"","meta":[],"_links":{"self":[{"href":"https:\/\/www.olsvikskolekorps.no\/index.php?rest_route=\/wp\/v2\/pages\/42"}],"collection":[{"href":"https:\/\/www.olsvikskolekorps.no\/index.php?rest_route=\/wp\/v2\/pages"}],"about":[{"href":"https:\/\/www.olsvikskolekorps.no\/index.php?rest_route=\/wp\/v2\/types\/page"}],"author":[{"embeddable":true,"href":"https:\/\/www.olsvikskolekorps.no\/index.php?rest_route=\/wp\/v2\/users\/1"}],"replies":[{"embeddable":true,"href":"https:\/\/www.olsvikskolekorps.no\/index.php?rest_route=%2Fwp%2Fv2%2Fcomments&post=42"}],"version-history":[{"count":13,"href":"https:\/\/www.olsvikskolekorps.no\/index.php?rest_route=\/wp\/v2\/pages\/42\/revisions"}],"predecessor-version":[{"id":638,"href":"https:\/\/www.olsvikskolekorps.no\/index.php?rest_route=\/wp\/v2\/pages\/42\/revisions\/638"}],"up":[{"embeddable":true,"href":"https:\/\/www.olsvikskolekorps.no\/index.php?rest_route=\/wp\/v2\/pages\/33"}],"wp:attachment":[{"href":"https:\/\/www.olsvikskolekorps.no\/index.php?rest_route=%2Fwp%2Fv2%2Fmedia&parent=42"}],"curies":[{"name":"wp","href":"https:\/\/api.w.org\/{rel}","templated":true}]}}