{"id":33,"date":"2013-11-23T12:53:16","date_gmt":"2013-11-23T11:53:16","guid":{"rendered":"http:\/\/www.olsvikskolekorps.no\/?page_id=33"},"modified":"2024-05-25T16:42:41","modified_gmt":"2024-05-25T14:42:41","slug":"om-korpset","status":"publish","type":"page","link":"https:\/\/www.olsvikskolekorps.no\/?page_id=33","title":{"rendered":"Om korpset"},"content":{"rendered":"<h2>Litt info om Olsvik skolekorps<\/h2>\n<p>Olsvik skolekorps ble stiftet 27.10.1981. Vi holder til p\u00e5 Olsvik Skole, ca. 1 mil vest for Bergen sentrum. Her \u00f8ver vi hver onsdag. Vi har rekruttert aspiranter \u00e5rlig siden oppstarten, men fra august 2005 startet vi for f\u00f8rste gang opp med samspill helt fra f\u00f8rste uke man begynner som aspirant. Fra da av har vi hatt eget aspirantkorps og eget juniorkorps, som er med og opptrer n\u00e5r vi arrangerer konserter. Det f\u00f8rste \u00e5ret er man i aspirantkorpset, det andre \u00e5ret i juniorkorpset, og fra det tredje \u00e5ret er man musikanter i hovedkorpset.<\/p>\n<p>Har lyst \u00e5 begynne i korpset? Da er du hjertelig velkommen. Trenger du grunnoppl\u00e6ring (aspirant) b\u00f8r du begynne n\u00e5r vi har opptak av aspiranter. Se under \u00ab<a title=\"Rekruttering\" href=\"http:\/\/www.olsvikskolekorps.no\/?page_id=27\">Rekruttering<\/a>\u00bb for mer info om opptak av aspiranter. Kan du allerede spille og \u00f8nsker \u00e5 begynne i Olsvik Skolekorps, da kan du begynne n\u00e5r som helst.<\/p>\n","protected":false},"excerpt":{"rendered":"<p>Litt info om Olsvik skolekorps Olsvik skolekorps ble stiftet 27.10.1981. Vi holder til p\u00e5 Olsvik Skole, ca. 1 mil vest for Bergen sentrum. Her \u00f8ver vi hver onsdag. Vi har rekruttert aspiranter \u00e5rlig siden oppstarten, men fra august 2005 startet vi for f\u00f8rste gang opp med samspill helt fra f\u00f8rste uke man begynner som aspirant. [&hellip;]<\/p>\n","protected":false},"author":1,"featured_media":0,"parent":0,"menu_order":0,"comment_status":"closed","ping_status":"closed","template":"","meta":[],"_links":{"self":[{"href":"https:\/\/www.olsvikskolekorps.no\/index.php?rest_route=\/wp\/v2\/pages\/33"}],"collection":[{"href":"https:\/\/www.olsvikskolekorps.no\/index.php?rest_route=\/wp\/v2\/pages"}],"about":[{"href":"https:\/\/www.olsvikskolekorps.no\/index.php?rest_route=\/wp\/v2\/types\/page"}],"author":[{"embeddable":true,"href":"https:\/\/www.olsvikskolekorps.no\/index.php?rest_route=\/wp\/v2\/users\/1"}],"replies":[{"embeddable":true,"href":"https:\/\/www.olsvikskolekorps.no\/index.php?rest_route=%2Fwp%2Fv2%2Fcomments&post=33"}],"version-history":[{"count":10,"href":"https:\/\/www.olsvikskolekorps.no\/index.php?rest_route=\/wp\/v2\/pages\/33\/revisions"}],"predecessor-version":[{"id":630,"href":"https:\/\/www.olsvikskolekorps.no\/index.php?rest_route=\/wp\/v2\/pages\/33\/revisions\/630"}],"wp:attachment":[{"href":"https:\/\/www.olsvikskolekorps.no\/index.php?rest_route=%2Fwp%2Fv2%2Fmedia&parent=33"}],"curies":[{"name":"wp","href":"https:\/\/api.w.org\/{rel}","templated":true}]}}