{"id":30,"date":"2013-11-23T12:48:51","date_gmt":"2013-11-23T11:48:51","guid":{"rendered":"http:\/\/www.olsvikskolekorps.no\/?page_id=30"},"modified":"2016-11-16T00:08:26","modified_gmt":"2016-11-15T23:08:26","slug":"politiattest","status":"publish","type":"page","link":"https:\/\/www.olsvikskolekorps.no\/?page_id=30","title":{"rendered":"Politiattest"},"content":{"rendered":"<h2>Krav til politiattest i Olsvik skolekorps<\/h2>\n<blockquote><p>Styret i Norges Musikkorps Forbund har vedtatt at alle medlemskorps skal kreve politiattest mot seksuelle overgrep mot barn. Ordningen gjelder for alle som skal utf\u00f8re oppgaver som i vesentlig grad inneb\u00e6rer et tillits- eller ansvarsforhold overfor mindre\u00e5rige eller mennesker med utviklingshemming. Ordningen trer i kraft 1.\u00a0okober\u00a02009.<\/p><\/blockquote>\n<p><strong>I Olsvik skolekorps blir ordningen h\u00e5ndtert p\u00e5 f\u00f8lgende m\u00e5te:<\/strong><\/p>\n<p>Alle ansatte og frivillige som skal utf\u00f8re oppgaver for korpset som inneb\u00e6rer et tillits- eller ansvarsforhold overfor mindre\u00e5rige eller mennesker med utviklingshemming skal fremskaffe politiattest.<\/p>\n<p>Styret i Olsvik skolekorps har bestemt at politiattest skal fremlegges av alle som sitter i styret, alle instrukt\u00f8rer, dirigenter og korpsledere.<\/p>\n<p>Dette gj\u00f8res i samr\u00e5d med en av\u00a0to styreoppnevnte.<br \/>\nBegge representanter har taushetsplikt overfor uvedkommende i forhold til de opplysninger de f\u00e5r kjennskap til.<\/p>\n<p>Politiattesten inneholder kun opplysninger om personen for tiden er siktet\/tiltalt eller tidligere ilagt forelegg\/d\u00f8mt for brudd p\u00e5 bestemmelser i straffeloven om seksualforbrytelser overfor barn. Korpset har ikke anledning til \u00e5 be personen om \u00e5 innhente politiattest for andre straffbare forhold. Innhenting av politiattest er gratis.<\/p>\n<p><strong>Innhenting p\u00e5 en-to-tre:<\/strong><\/p>\n<p>1: S\u00f8knaden om politiattest fylles ut av b\u00e5de korpset og s\u00f8ker, og undertegnes av begge. En av korpsets styreoppnevnte sender s\u00f8knaden til politiet.<\/p>\n<p>2: Politiet sender attesten som ordin\u00e6r post til s\u00f8kers hjemmeadresse. Den sendes ikke til korpset.<\/p>\n<p>3: S\u00f8ker skal framvise sin politiattest til en av de to styreoppnevnte (se over). Olsvik skolekorps skal ikke lagre attesten, men kun f\u00e5 den framvist til gjennomsyn.<\/p>\n<p>Personer som ikke har fremvist politiattest uten merknad, kan ikke settes til oppgaver som inneb\u00e6rer et tillits- eller ansvarsforhold overfor mindre\u00e5rige eller mennesker med utviklingshemming.<\/p>\n<p>Med vennlig hilsen Styret i Olsvik skolekorps<\/p>\n<p>Du kan lese mer om ordningen og hvordan den h\u00e5ndteres p\u00e5 <a href=\"http:\/\/www.spilleglede.no\/politiattest\" target=\"_blank\">http:\/\/www.spilleglede.no\/politiattest<\/a><\/p>\n","protected":false},"excerpt":{"rendered":"<p>Krav til politiattest i Olsvik skolekorps Styret i Norges Musikkorps Forbund har vedtatt at alle medlemskorps skal kreve politiattest mot seksuelle overgrep mot barn. Ordningen gjelder for alle som skal utf\u00f8re oppgaver som i vesentlig grad inneb\u00e6rer et tillits- eller ansvarsforhold overfor mindre\u00e5rige eller mennesker med utviklingshemming. Ordningen trer i kraft 1.\u00a0okober\u00a02009. I Olsvik skolekorps [&hellip;]<\/p>\n","protected":false},"author":1,"featured_media":0,"parent":0,"menu_order":0,"comment_status":"closed","ping_status":"closed","template":"","meta":[],"_links":{"self":[{"href":"https:\/\/www.olsvikskolekorps.no\/index.php?rest_route=\/wp\/v2\/pages\/30"}],"collection":[{"href":"https:\/\/www.olsvikskolekorps.no\/index.php?rest_route=\/wp\/v2\/pages"}],"about":[{"href":"https:\/\/www.olsvikskolekorps.no\/index.php?rest_route=\/wp\/v2\/types\/page"}],"author":[{"embeddable":true,"href":"https:\/\/www.olsvikskolekorps.no\/index.php?rest_route=\/wp\/v2\/users\/1"}],"replies":[{"embeddable":true,"href":"https:\/\/www.olsvikskolekorps.no\/index.php?rest_route=%2Fwp%2Fv2%2Fcomments&post=30"}],"version-history":[{"count":3,"href":"https:\/\/www.olsvikskolekorps.no\/index.php?rest_route=\/wp\/v2\/pages\/30\/revisions"}],"predecessor-version":[{"id":356,"href":"https:\/\/www.olsvikskolekorps.no\/index.php?rest_route=\/wp\/v2\/pages\/30\/revisions\/356"}],"wp:attachment":[{"href":"https:\/\/www.olsvikskolekorps.no\/index.php?rest_route=%2Fwp%2Fv2%2Fmedia&parent=30"}],"curies":[{"name":"wp","href":"https:\/\/api.w.org\/{rel}","templated":true}]}}